-6*x**3 - 14*x**2 + 14*x + 296. What are the prime factors of h(-9)?
2, 5, 11, 31
Let f be (30/20)/(1/2). Suppose -2*k + 5 = -f*k. List the prime factors of -1 - -1 - (k + 3).
2
Let h = -63 - -63. Suppose h = o - 6*o + 540. What are the prime factors of o?
2, 3
Suppose 2667 = 10*h - 3*h. What are the prime factors of h?
3, 127
List the prime factors of (-22923)/(-72) - 1*(-3)/(-8).
2, 3, 53
Let i(g) = 5*g**2 + 2*g + 21. Let l be i(-5). Let f = -38 + l. What are the prime factors of f?
2, 7
Suppose 53*s = 2357 + 8243. What are the prime factors of s?
2, 5
What are the prime factors of (-4)/(-30) + (-5)/75*-61618?
2, 13, 79
Suppose d - 270 = -74. List the prime factors of d.
2, 7
Suppose 0 = 4*u - 4*p - 688, 2*u - p - 8 - 334 = 0. Suppose -u = -3*o - 2*o. Suppose 36 + o = 2*f. List the prime factors of f.
5, 7
Let g be (8/10)/(2/10). Suppose 0 = -8*l + g*l + 192. List the prime factors of l.
2, 3
Suppose 16*k - 487 - 5833 = 0. What are the prime factors of k?
5, 79
Suppose -3*d + 1187 = x, 6*d - 4*x = d + 1984. Suppose -d = -9*l + 621. List the prime factors of l.
113
Let g(x) = 458*x**3 + 18*x**2 - 33*x + 5. What are the prime factors of g(2)?
3, 5, 7
Let u = -53 + 59. Let x(q) = -q**2 + 16*q - 8. What are the prime factors of x(u)?
2, 13
Let t(m) = 6*m**2 + m + 22. List the prime factors of t(-7).
3, 103
Let z(o) = 2*o + 4*o**2 + 6 + 0 + 2*o**2 - 5*o**2. Let n be z(-4). Let p = n + 6. What are the prime factors of p?
2, 5
Let b be (8/(-6))/((-10)/555). Let l = b + -39. What are the prime factors of l?
5, 7
Suppose 8*p + 16 = 4*p. What are the prime factors of 1/((-298)/(-74) + p)?
37
Let d(l) = 22*l - 10. Let f be d(10). Let o = 299 - f. What are the prime factors of o?
89
Let v be 3 + (0 + 0 - -191). Suppose 9*z - v = 238. List the prime factors of (24/z)/(1/14).
7
What are the prime factors of 2/7 + (2 - 7094/(-14))?
509
Suppose -423 = -b + 4*a, -52 = b - 3*a - 476. What are the prime factors of b?
7, 61
Let t(v) be the second derivative of -13/2*v**2 + 0 + 3*v + v**3. What are the prime factors of t(6)?
23
Suppose 4*d = 6*d. Suppose d = -0*c + 2*c - 4. What are the prime factors of c?
2
What are the prime factors of ((-1124)/8 - 1)/((-3)/6)?
283
Let y be (3/4)/(3/(-36)). Let j be (y - 0) + 15 + -17. Let p = -7 - j. What are the prime factors of p?
2
Let o = 487 - 125. What are the prime factors of o?
2, 181
Suppose -4*x = k - 16, 2*x - 6 - 2 = 4*k. Let d(p) = 15*p + 12. List the prime factors of d(x).
2, 3
Let s be (-12)/(-16) - 15/20. Suppose 3*b - 24 = -s*b. What are the prime factors of b?
2
Suppose 0 = -0*m + 3*m - 57. Let g = m - 15. Suppose -5*d + d + 5*a = -90, -42 = -2*d + g*a. What are the prime factors of d?
5
Suppose -6*x = -3*x - 5*g - 3339, 0 = x + 5*g - 1133. List the prime factors of x.
2, 13, 43
Suppose -d + 153 = 5*j, -j = 2*j - 3*d - 81. What are the prime factors of j?
2, 3, 5
Let w = 346 + -136. What are the prime factors of w?
2, 3, 5, 7
Let y be 1/((2/2)/(-3)). Let r be (9 + y - 3) + 1. Suppose -139 = -r*d - 3*w, 0*w - 2*w - 83 = -3*d. What are the prime factors of d?
31
Suppose q - 3*q = -4. Suppose -q*r + 14 = -r. List the prime factors of 2/(-7) - (-172)/r.
2, 3
Let y(r) = r**3 - 4*r**2 + 5*r - 3. Let j be y(3). Suppose -2*o = 3*o + 2*p - 138, j*o + 3*p = 90. List the prime factors of o.
2, 13
Let d = -3 + 5. Let u be (d/3)/((-10)/(-15)). Suppose y = 2 + u. What are the prime factors of y?
3
Let k(h) = h**3 + 3*h**2 + 2. Let g be k(-3). Suppose 5*c = 4*l - 152, -g*c + 180 = 4*l - 0*c. List the prime factors of l.
43
Suppose 2*x + 5 = -2*d - 1, 2*x - 4*d + 12 = 0. Suppose b + 5 - 2 = 0. List the prime factors of 7 + b*x/12.
2
What are the prime factors of (-3)/4 - (-7074)/24?
2, 3, 7
Let w(z) = 4*z + 21. Let h be w(-7). Let d(p) = -p**3 - 5*p**2 + 3*p - 5. List the prime factors of d(h).
2, 3
Let i be (-1 - 1)/(-3 - 637/(-213)). Suppose 0 = 3*c + 2*f - 46 - i, 5*c = 5*f + 440. List the prime factors of c.
3, 29
Suppose 0*i - 4 = -i. Suppose i*x - 4*a - 668 = -72, -4*x - 5*a + 632 = 0. List the prime factors of x.
3, 17
Suppose 5*r = -5*t + 1125, 2*t + 5*r = 348 + 102. List the prime factors of t.
3, 5
Let i(y) = -y**3 + 5*y**2. Let t be i(5). Suppose -4*h + 16 + t = 0. Suppose -r + h*r = 60. What are the prime factors of r?
2, 5
Let b(v) = -v + 3. Let j be b(3). Suppose 5*n - 1 - 9 = j. Suppose -n*o = -5*o + 87. What are the prime factors of o?
29
Let p(r) = 204*r - 1. Let f be p(-1). Let s = f + 328. What are the prime factors of s?
3, 41
Let o(x) be the first derivative of -31*x**4/4 + x**3/3 + 2*x**2 + 2*x + 5. List the prime factors of o(-1).
2, 3, 5
Let n(u) = 2*u**3 - 4*u**2 - 4. Let q be n(3). Let j = q - 11. Suppose 4*h - j*h - 103 = -4*v, 5*v - 3*h = 133. List the prime factors of v.
2, 13
Let m be -5*3*(-12)/(-45). Let n(g) = g**2 + 4*g + 2. Let j be n(m). What are the prime factors of (j - -2) + -2 + 5?
7
Suppose 4 = 2*r - 84. Suppose -o + 233 = -r. What are the prime factors of o?
277
Let d(f) = 21*f + 35. Let n(l) = 10*l + 17. Let r(b) = 6*d(b) - 13*n(b). List the prime factors of r(-17).
3, 19
Let z = 289 - 87. List the prime factors of z.
2, 101
Let j = 75 + -45. Let y = 26 - 30. List the prime factors of j + y/(-2 + 0).
2
List the prime factors of (-232 + 35)*1*38/(-2).
19, 197
Let b(s) = -5*s**3 + 2*s**2 - 4. Let q(g) = g**3. Let i(k) = 5*k + 6. Let w be i(-2). Let f(o) = w*q(o) - b(o). What are the prime factors of f(4)?
2, 3
List the prime factors of (-181)/(((-3)/6)/(3/6)).
181
Let c = -12 + 30. Let n = 33 - c. Suppose 3 = f, -3*f - 20 = -2*m + n. List the prime factors of m.
2, 11
Let d = 43 - -64. Let b = d + -40. What are the prime factors of b?
67
Let i = -1459 - -3262. List the prime factors of i.
3, 601
Let q be 8/(-28) - 138/7. Let g = 22 + q. Suppose t - 156 = -4*k - 3*t, g*t + 30 = k. List the prime factors of k.
2, 3
Suppose -23*y + 23903 = 535. List the prime factors of y.
2, 127
Let n(o) = 173*o**3 - 1 + 10*o**2 + o - 9*o - 172*o**3. What are the prime factors of n(-9)?
2, 19
Suppose 3*u - 2995 = 5*l, -2*u - l + 5029 = 3*u. List the prime factors of u.
3, 5, 67
Let u = -253 - 5. List the prime factors of (-4 - u)*3/6.
127
Let r(b) = -b**3 + 10*b**2 + 5. Let h be r(10). Let w = 25 - 225. List the prime factors of (2/(-5))/(h/w).
2
Let d = -110 - -234. List the prime factors of d.
2, 31
Suppose -2*q + 83 = 5*a, -a = -3*q - 16 - 4. Suppose -5*o + 3 = -a. Suppose 200 = 5*s - 5*w + 40, -o*w = -3*s + 98. List the prime factors of s.
2, 3, 5
What are the prime factors of 5433/27 - 4/18?
3, 67
What are the prime factors of (-32410)/15*(4 - (-55)/(-10))?
7, 463
Let f be -50*(-3 - (-20)/8). Let i = 96 - f. List the prime factors of i.
71
Let a be 2/(-10) + 16/5. Suppose a*j - 2*z = 5, 0 = 2*j - 4*z + 2 - 0. Suppose -d = 2*h - 77, -j*d - 136 = -5*h + 51. List the prime factors of h.
2, 19
List the prime factors of (-1*(2 + 132))/((-30)/465).
31, 67
Suppose -66*x + 14*x = -49660. List the prime factors of x.
5, 191
Let q = 1136 - -19. What are the prime factors of q?
3, 5, 7, 11
Suppose 42 = 5*w + 32. List the prime factors of w/(-10) + (-48)/5*-2.
19
Suppose 6*p = 2*p. Let t(k) = 9*k**2 + 2*k**2 - k**3 + 7 + p. What are the prime factors of t(11)?
7
Let i be (0 - -4) + (-2 - -3) + 0. Suppose 5 = 2*o + i*t, 0*o + 4*o = 4*t + 24. List the prime factors of o.
5
Let l be (-1 - (1 - 1))*-4. Suppose 0 = 3*i - o - 16, 0 = i - 0*i + l*o + 12. Suppose -10 = q - i*k, -2*k - 3*k + 11 = -2*q. What are the prime factors of q?
2
Suppose 0 = 2*l - 1753 + 381. What are the prime factors of l?
2, 7
Let h = 6 - -74. Let k = h + -13. What are the prime factors of k?
67
Let x = 5 + -17. Let i = -6 - x. List the prime factors of 2/i*(-684)/(-6).
2, 19
Suppose -15*s + 22 = 7. List the prime factors of (-256)/(-16) + (1 - s).
2
Let q be ((-15 + 13)/2)/(1/14). Suppose -y + 1 = 0, k - 73 = -2*k + 5*y. Let w = q + k. List the prime factors of w.
2, 3
Suppose 9 = -5*d + 29. Let m = d - -28. Suppose -n = n - m. List the prime factors of n.
2
Let b(r) = r**3 - 6*r**2 + r + 175. List the prime factors of b(12).
1051
Let x(s) = -8*s + 2*s**2 - s**3 - 7*s**2 - 4*s**2 - 3 + 0. Let d be x(-8). List the prime factors of (20/(-3))/(1/d).
2, 5
Let q = 6 + -2. Suppose -2*r + q*r = 126. List the prime factors of r.
3, 7
Suppose 2